 4*t = -2300, 13*m = 18*m + 5*t - 5675. Suppose -5*h = b - 2392, 3*h - 8376 + m = -3*b. Is b prime?
True
Let h(z) be the first derivative of 41*z**2 - 7*z + 1. Let r = -1206 + 1212. Is h(r) prime?
False
Let j(t) = 1435*t**2 - 62*t - 571. Is j(-8) composite?
True
Let b be (-12)/3 - -1 - -1169 - 1. Let d be (b/10)/(1/12 + 0). Suppose -5*x + d = -1307. Is x prime?
True
Let l(c) = 2*c**2 + 10*c - 63. Suppose 26*h = 22*h - 52. Is l(h) a prime number?
False
Let u be (21 - 14401)*(-5)/2. Let x = -14021 + u. Is x composite?
False
Let b = 5414 + -3465. Is b a prime number?
True
Let p(v) = 81*v + 203. Let t(j) = -122*j - 304. Let g(a) = 8*p(a) + 5*t(a). Is g(3) a composite number?
True
Suppose 3*q = 4*l - 269916, 11*q - 9*q - 202454 = -3*l. Suppose 15*w - 40623 = l. Is w prime?
True
Let g(u) = -32*u**2 + 22*u - 2. Let o be g(-15). Let w be 7 + -8 + 4 - o. Suppose 0*h - w = -5*h. Is h a composite number?
True
Let b(z) = -z**3 - 8*z**2 + 33*z + 5. Let w be b(-11). Suppose 2*v - 489 = -w*q, 4*v = 2*v - 2*q + 504. Is v a prime number?
True
Let c be 2 + (-11)/(66/(-24)). Suppose -3*q + 7 = 2*b - c, -4*b = 3*q - 17. Suppose 3*i = -15, q*l - 4435 - 3531 = -i. Is l a prime number?
True
Let x = 23406 + -33602. Let c = 1481 - x. Is c composite?
False
Suppose -44 = -2*i - 3*i - 3*n, -38 = -3*i + 4*n. Suppose i*r - 994 = 8*r. Is r prime?
False
Is ((-17744)/(-6) + 5)/(2/6) a prime number?
True
Let u(m) be the second derivative of 37/12*m**4 + 10*m + 1/2*m**3 + 0 + 11/2*m**2. Is u(6) a composite number?
False
Suppose 4*r - 8 = 0, -2*r - 937 = -5*z + 1014. Suppose -5*a + z + 46 = -4*k, -273 = -3*a - 3*k. Is a a composite number?
False
Let r(q) = q**3 + 7*q**2 + 15*q + 15. Let n be r(-4). Suppose 3*i = 3*y + 174924, -2*i + n*y + 7470 = -109145. Is i composite?
False
Let d = 1705 - 3861. Let c = d + 4539. Is c a prime number?
True
Let t = 1570237 - 646208. Is t a composite number?
True
Let n(j) = -40 + 8 - 264*j**3 - 16 - 2*j**2 + 276*j**3 + 7*j. Is n(5) prime?
False
Is 1440/640 + 37084108/16 a composite number?
False
Suppose -3*r = 9, 31*w - 7925 = 29*w - 3*r. Is w composite?
False
Suppose -515 = 3*r - 2765. Let z = r + -328. Is z a composite number?
True
Let k be (-3)/(3/(-9)*63/14). Let h(c) = 416*c + 21. Is h(k) composite?
False
Let f(s) = 1277*s**2 - 1396*s + 16. Is f(-15) a prime number?
False
Let l(b) = -1367*b - 10. Suppose 0*c - c = 1. Is l(c) prime?
False
Let x = 73 - 69. Let z(t) = 322*t**3 + 6*t**2 + 2*t - 5. Is z(x) a composite number?
False
Let x = 28303 - -48586. Is x composite?
True
Suppose 28*l - 1825407 + 292379 = 0. Is l prime?
True
Let j = -104612 - -256945. Is j composite?
True
Suppose -8*p + 1392573 + 898308 = -217431. Is p a composite number?
True
Let q be (-74)/(1*1/(-18)). Suppose 36816 - 194824 = -274*w + 92154. Let p = q - w. Is p composite?
False
Let n be -4 + -4 - (-4 - -1). Let i(l) = -l**3 - 6*l**2 + 3*l + 2. Let r be i(n). Let a = r + 549. Is a a composite number?
True
Let i = 0 - -4. Suppose -2*l + 373 - 1492 = -n, i*n - 4471 = 3*l. Is n composite?
False
Let d be 528*1/5 - (-56)/140. Let n = 936 - 551. Let f = n + d. Is f composite?
False
Suppose 0 = -5*z - 5*d + 2492464 - 958954, -4*z + d = -1226773. Is z a prime number?
False
Let v = 167359 - 38126. Is v composite?
True
Let b be (-76)/(-57)*(-2931)/(-2). Suppose -2*d + 992 = 4*h, h = -4*d - h + b. Is (-24)/(-16) - d/(-4) a prime number?
False
Suppose g + 140443 = 4*b - 148109, -5*g + 144298 = 2*b. Is b a prime number?
True
Suppose -1 = -6*o + 5*o. Let v(s) = 2*s - o - 2 + 179*s**2 + s. Is v(1) prime?
True
Suppose 3*f = -8*m + 3*m + 58923, 0 = 4*m - 24. Is f prime?
False
Suppose -4*l - u + 9 = 0, 2*l = 5*u + 29 - 8. Suppose -2*t = -l*z - 10591, 4*z + 15887 = 3*t - 0*z. Is t prime?
True
Let p = -112730 + 212631. Is p a prime number?
True
Let y = 178 + -174. Is 2/y*(14 - -8804) a composite number?
False
Let j(x) = -x**3 + 106*x**2 - 81*x + 489. Is j(92) a prime number?
True
Is (966/4)/7*1244706/153 prime?
False
Suppose h = -3*w - 528 + 1945, 0 = 3*h + 15. Suppose -2*f - 1474 + 524 = 2*p, 0 = -f - 2*p - w. Let a = f - -693. Is a composite?
True
Suppose 2*l - 17874 - 44309 = 5*a, l - 5*a - 31104 = 0. Is l a composite number?
False
Let u(t) = 25*t**2 - 4*t - 15. Let s be (-2 - 6/(-2))*-8. Let p be u(s). Let m = -1138 + p. Is m composite?
False
Suppose -25*n = -18*n. Suppose n = -4*y - 5*q + 7340, 10*y = 9*y + q + 1835. Is y prime?
False
Let d(c) = 1146*c + 61. Is d(77) composite?
True
Let n(m) be the first derivative of m**4/4 + 2*m**3 - m**2 - 8*m + 5. Let t be n(-6). Suppose -o + 4745 = t*o. Is o composite?
True
Let k = 70482 - -12451. Is k composite?
True
Let s = -843965 - -1362188. Is s composite?
True
Suppose -5*a + 1080519 = 3*m, 0 = -2*m + 5*a - 10*a + 720356. Is m composite?
False
Suppose 101 + 187 = 8*j. Let n = j - -259. Is n a prime number?
False
Let x = -7839 - -26944. Is x composite?
True
Let w(c) = -c - 21. Let b be -3 + -6*(0 - 2). Let y be w(b). Is (2480/y - -1*3)*-21 a prime number?
False
Is (-275)/50*407058/(-33) prime?
True
Suppose 0 = -4*h + 2*h + 8. Let n(t) = 1 + 38*t**3 + t - 29*t**3 - 5*t + t + 4*t**2. Is n(h) composite?
True
Suppose 30 = -62*h + 67*h, 0 = 3*l - 2*h + 30. Suppose -3*m - 5 - 4 = 0. Is ((582/(-4))/(-3))/(m/l) a composite number?
False
Let b(u) = 462*u + 34. Let d be b(17). Let q be (-18)/(-27) + (d/6)/2. Suppose 2*y + 0*y = 4*a + q, 0 = 5*y + 2*a - 1681. Is y prime?
False
Is -71*(3692998/(-749) - (-3)/(-7)) composite?
True
Let o(n) = -3*n**3 + n**2 - 11*n + 4. Let x be o(6). Let c = -281 - x. Is c composite?
True
Suppose 4*s + 318*h = 313*h + 43304, 5*s = -5*h + 54135. Is s composite?
False
Let d(x) = 14*x - 3*x**2 + 9*x - 13 - 1. Let s be d(7). Suppose s = 5*a - 10*a + 7585. Is a composite?
True
Let w(h) = 97*h**2 - 16*h + 10. Let c be w(10). Suppose -j + c = -4615. Is j a composite number?
True
Suppose 280 + 10076 = -4*g. Suppose -2*v = -2*q - 9 - 9, 4*v - 28 = 3*q. Is (q - -4)*(-2)/((-24)/g) a composite number?
False
Let s(v) = -407*v**2 + 3*v - 3. Suppose 3*x + 24 - 15 = 0. Let h be s(x). Is 3/(-6) - h/2*1 composite?
True
Let u = 2360745 - 321954. Is u composite?
True
Let l(f) = f**3 - 14*f**2 + 15*f - 31. Let w be l(13). Let u be 32/40 + (-206)/w. Suppose 1514 = 4*c - u. Is c a composite number?
False
Let x(c) = 583*c + 1. Let z be 2/3*780/(-40). Let u(a) = 292*a + 1. Let m(i) = z*u(i) + 6*x(i). Is m(-18) a prime number?
False
Suppose p + 11*b - 9*b - 291089 = 0, 4*b = 3*p - 873267. Is p composite?
False
Suppose -4*r - w + 47 = 0, -2*w - 3*w = -2*r + 29. Suppose -3*d = -r + 3. Suppose 5*u - 2510 = d*o, -2*o - 1507 = -2*u - u. Is u composite?
False
Is -9 + (-8)/100 + 12237*(-38)/(-75) a composite number?
True
Let o(m) = 17379*m**2 + 5*m + 4. Is o(-1) a prime number?
False
Let a(f) = -111*f + 11. Let c(z) = z. Suppose 0 = 3*h + 2*h + 10, -4*t - 14 = 5*h. Let j(y) = t*a(y) + 3*c(y). Is j(4) a composite number?
True
Let y(w) = 48*w**3 - 3*w**2 + 3*w + 7. Suppose 9 = -4*c + 1. Let k be y(c). Let r = 630 + k. Is r a composite number?
True
Let d(x) = -86 + 18 + 100*x + 18 + 23. Is d(7) a composite number?
False
Suppose 0 = 18*v - 7*v. Suppose w - 10 = 3*w, -4*o - 4*w + 200 = v. Is o composite?
True
Suppose y = -z - 3*z + 25133, -z = -y - 6282. Suppose 0 = -2*f - 235 + z. Suppose -5843 = -5*b + 2*o, -f = -4*b + 4*o + 1648. Is b composite?
True
Let u(r) be the second derivative of 3*r**4/4 + 16*r**3/3 + 11*r**2 - 219*r. Is u(26) composite?
True
Is (-50)/375 + (-966376)/(-120) a composite number?
False
Suppose 0 = -3*f + 4*r + 5, 0*r - 20 = 4*r. Suppose 0 = -46*w + 31*w - 225. Is -3*2/w - 813/f a prime number?
True
Let w = 42792 + 1087399. Is w a prime number?
True
Let j(z) = -2*z**3 - 28*z**2 - 26*z + 58. Let x be j(-21). Suppose s - x = 5*p, -2*s + 2*p = -6*s + 27222. Is s a prime number?
True
Let i(b) = 2*b**3 + 3*b**2 + b. Suppose 3*y = -5*l + 4*y - 8, 2*l + y + 6 = 0. Let q be i(l). Let k(w) = -83*w - 9. Is k(q) composite?
True
Let d(l) = 104*l**2 - 3*l - 7. Let r be d(-5). Suppose -r - 6200 = -3*i. Let t = i - 1125. Is t prime?
True
Let p = -208 + 324. Let z = 111 - p. Is -5*3602/z*5/10 a prime number?
True
Suppose 0 = -4200*w + 4193*w + 1112741. Is w composite?
True
Suppose 27*u - 13667807 = 30605794. Is u a prime number?
True
Let r be 4/(-14) - 